{"id":35,"date":"2022-06-08T12:37:59","date_gmt":"2022-06-08T15:37:59","guid":{"rendered":"https:\/\/juniordecoracoes.com.br\/?page_id=35"},"modified":"2022-06-08T12:37:59","modified_gmt":"2022-06-08T15:37:59","slug":"buscando-inovacoes-e-trabalhando-com-os-melhores-fornecedores-e-melhores-marcas-do-mercado-nosso-compromisso-e-satisfazer-as-necessidades-e-desejos-de-nossos-clientes","status":"publish","type":"page","link":"https:\/\/juniordecoracoes.com.br\/?page_id=35","title":{"rendered":"Buscando inova\u00e7\u00f5es e trabalhando com os melhores fornecedores e melhores marcas do mercado. Nosso compromisso \u00e9 satisfazer as necessidades e desejos de nossos clientes."},"content":{"rendered":"","protected":false},"excerpt":{"rendered":"","protected":false},"author":1,"featured_media":0,"parent":0,"menu_order":0,"comment_status":"closed","ping_status":"closed","template":"","meta":{"footnotes":""},"class_list":["post-35","page","type-page","status-publish","hentry","entry"],"_links":{"self":[{"href":"https:\/\/juniordecoracoes.com.br\/index.php?rest_route=\/wp\/v2\/pages\/35","targetHints":{"allow":["GET"]}}],"collection":[{"href":"https:\/\/juniordecoracoes.com.br\/index.php?rest_route=\/wp\/v2\/pages"}],"about":[{"href":"https:\/\/juniordecoracoes.com.br\/index.php?rest_route=\/wp\/v2\/types\/page"}],"author":[{"embeddable":true,"href":"https:\/\/juniordecoracoes.com.br\/index.php?rest_route=\/wp\/v2\/users\/1"}],"replies":[{"embeddable":true,"href":"https:\/\/juniordecoracoes.com.br\/index.php?rest_route=%2Fwp%2Fv2%2Fcomments&post=35"}],"version-history":[{"count":1,"href":"https:\/\/juniordecoracoes.com.br\/index.php?rest_route=\/wp\/v2\/pages\/35\/revisions"}],"predecessor-version":[{"id":39,"href":"https:\/\/juniordecoracoes.com.br\/index.php?rest_route=\/wp\/v2\/pages\/35\/revisions\/39"}],"wp:attachment":[{"href":"https:\/\/juniordecoracoes.com.br\/index.php?rest_route=%2Fwp%2Fv2%2Fmedia&parent=35"}],"curies":[{"name":"wp","href":"https:\/\/api.w.org\/{rel}","templated":true}]}}